8096011 a multiple of 145?
False
Is 5476278 a multiple of 53?
True
Is 281174628 a multiple of 41?
False
Is 1311409315 a multiple of 185?
True
Does 404 divide 32928424?
True
Does 361 divide 41504786?
False
Is 645 a factor of 22849125?
True
Is 25 a factor of 2051503675?
True
Is 2279 a factor of 2075404433?
False
Does 32 divide 13396480?
True
Is 1029 a factor of 177277765?
False
Is 985889172 a multiple of 34?
False
Is 41 a factor of 98151672?
False
Is 241 a factor of 107356605?
False
Is 3839 a factor of 11818985?
False
Does 64 divide 295003712?
True
Is 317 a factor of 655913469?
False
Is 9 a factor of 554815827?
True
Is 19 a factor of 9957881?
True
Is 29 a factor of 429578623?
False
Is 26 a factor of 563454297?
False
Is 2012507640 a multiple of 780?
True
Is 113169004 a multiple of 56?
False
Is 142184085 a multiple of 489?
True
Is 2843795493 a multiple of 19?
True
Does 579 divide 225958722?
False
Is 32578030 a multiple of 33?
False
Is 175005881 a multiple of 615?
False
Is 25 a factor of 43978258?
False
Is 25 a factor of 643958925?
True
Does 809 divide 64133700?
False
Does 128 divide 23886600?
False
Does 1033 divide 6941214576?
True
Does 360 divide 3499560?
True
Is 1794607812 a multiple of 29?
True
Does 210 divide 96505920?
True
Is 257115180 a multiple of 268?
True
Is 72600136 a multiple of 56?
True
Is 27786468 a multiple of 6?
True
Is 66239292 a multiple of 1697?
False
Does 382 divide 75859665?
False
Is 272 a factor of 63961827?
False
Does 610 divide 20787178?
False
Is 27723733 a multiple of 251?
False
Is 15 a factor of 344799975?
True
Is 56221685 a multiple of 4?
False
Does 1703 divide 316038291?
False
Is 48 a factor of 216537912?
False
Is 137072704 a multiple of 91?
False
Does 51 divide 13328085?
True
Is 15492364 a multiple of 89?
False
Is 390878685 a multiple of 13?
False
Is 18016343 a multiple of 22?
False
Does 165 divide 297011185?
False
Is 1336229279 a multiple of 1151?
True
Is 31 a factor of 77046718?
True
Is 711133157 a multiple of 203?
True
Is 742172506 a multiple of 3559?
True
Is 879 a factor of 529045488?
True
Is 3970858 a multiple of 743?
False
Is 148286720 a multiple of 20?
True
Is 4759 a factor of 3246511651?
False
Is 1182459140 a multiple of 2192?
False
Is 7 a factor of 39798899?
True
Is 105760922 a multiple of 62?
False
Is 6116475 a multiple of 22?
False
Is 67825790 a multiple of 29?
False
Does 49 divide 17234280?
True
Is 47 a factor of 72867904?
False
Does 2489 divide 3963852742?
False
Does 219 divide 37412646?
True
Is 47337813 a multiple of 11?
False
Does 640 divide 99584640?
True
Does 1373 divide 38755916?
False
Does 3 divide 1295312299?
False
Is 33 a factor of 2382386?
False
Does 882 divide 119539595?
False
Does 62 divide 49644876?
False
Is 311166232 a multiple of 2236?
True
Does 283 divide 26699698?
False
Is 435 a factor of 41534292?
False
Is 5884212714 a multiple of 19?
True
Does 133 divide 381765062?
True
Does 13 divide 459809064?
True
Is 7 a factor of 609228641?
True
Is 765650529 a multiple of 3899?
True
Is 251870283 a multiple of 357?
True
Is 327 a factor of 32910915?
True
Is 342382136 a multiple of 45?
False
Is 1739612399 a multiple of 227?
False
Is 36065987 a multiple of 37?
False
Is 638196456 a multiple of 3196?
True
Is 12 a factor of 6280997995?
False
Is 6246704 a multiple of 4?
True
Is 204 a factor of 2519259?
False
Is 444 a factor of 150620441?
False
Is 26787388 a multiple of 1684?
True
Is 14 a factor of 1173948216?
True
Does 1091 divide 1143716029?
True
Does 49 divide 82693017?
False
Is 29 a factor of 3628090?
False
Does 58 divide 116382477?
False
Is 18 a factor of 1417507985?
False
Is 3903636878 a multiple of 347?
True
Is 374 a factor of 2335211?
False
Is 24 a factor of 227508483?
False
Is 54532565 a multiple of 1261?
False
Does 49 divide 2205184387?
True
Is 299 a factor of 38103663?
True
Does 730 divide 94288260?
True
Is 85 a factor of 1361720208?
False
Is 7 a factor of 9361648?
False
Is 772 a factor of 6822557?
False
Does 77 divide 338192624?
True
Does 95 divide 37498822?
False
Does 4885 divide 202199920?
True
Is 9 a factor of 581953599?
True
Is 55 a factor of 508768425?
True
Is 15 a factor of 7775709?
False
Is 115498176 a multiple of 196?
False
Is 113381466 a multiple of 102?
True
Is 27 a factor of 46012428?
True
Is 65 a factor of 179562240?
True
Is 42890727 a multiple of 53?
True
Is 10 a factor of 117795870?
True
Is 160 a factor of 28864704?
False
Does 22 divide 703383209?
False
Does 972 divide 2893757724?
True
Is 23982448 a multiple of 14?
True
Is 19914490 a multiple of 151?
False
Does 1672 divide 347784057?
False
Does 14 divide 97935362?
True
Is 62158143 a multiple of 72?
False
Is 40 a factor of 17427269?
False
Does 4 divide 118649820?
True
Is 14 a factor of 65494001?
False
Does 576 divide 844777152?
True
Is 127823136 a multiple of 2856?
True
Is 544 a factor of 420991808?
True
Is 346824660 a multiple of 12?
True
Does 5211 divide 1292077872?
True
Is 41 a factor of 268861?
False
Is 259935315 a multiple of 15?
True
Is 6716565 a multiple of 13?
False
Is 3098 a factor of 789274362?
True
Is 91151065 a multiple of 3765?
False
Is 8012446 a multiple of 322?
False
Is 842393223 a multiple of 15?
False
Is 314746505 a multiple of 78?
False
Does 2 divide 30066866?
True
Does 623 divide 34194601?
True
Does 5118 divide 807028970?
False
Is 211343723 a multiple of 79?
True
Is 124610622 a multiple of 762?
True
Is 29 a factor of 732765239?
False
Is 2456 a factor of 101256603?
False
Is 63 a factor of 209437074?
True
Does 629 divide 99349921?
True
Is 24 a factor of 101664743?
False
Is 108557444 a multiple of 17?
True
Is 20 a factor of 637912580?
True
Is 236 a factor of 76748293?
False
Is 32 a factor of 739005536?
True
Is 23 a factor of 47647904?
True
Is 5816271609 a multiple of 461?
False
Is 5645187 a multiple of 100?
False
Is 383 a factor of 567153294?
True
Does 4914 divide 3134485906?
False
Is 2605 a factor of 1088478410?
True
Is 147 a factor of 355472518?
False
Is 1533357022 a multiple of 5826?
False
Is 102177043 a multiple of 30?
False
Is 783 a factor of 68655789?
True
Is 341 a factor of 589048174?
True
Is 379 a factor of 98346710?
True
Is 133 a factor of 65453290?
True
Is 1621907054 a multiple of 21?
False
Is 38 a factor of 589308522?
True
Is 54 a factor of 231984814?
False
Does 47 divide 18520362?
False
Is 2617 a factor of 1184103522?
True
Does 11 divide 34512959?
False
Is 611 a factor of 191038358?
False
Is 21528600 a multiple of 2031?
True
Is 76 a factor of 126128714?
False
Is 10 a factor of 17570300?
True
Is 192 a factor of 837949248?
True
Is 151 a factor of 19621393?
True
Is 9786072 a multiple of 2?
True
Is 7327653 a multiple of 21?
False
Is 510489272 a multiple of 3688?
True
Does 80 divide 129246880?
True
Is 8 a factor of 46016484?
False
Is 197684175 a multiple of 65?
True
Is 1053994964 a multiple of 23?
True
Does 4832 divide 1303511453?
False
Is 6568744507 a multiple of 28?
False
Is 96094207 a multiple of 3139?
True
Is 337 a factor of 10665713?
True
Does 148 divide 162418166?
False
Is 969472289 a multiple of 9?
False
Does 81 divide 3144035655?
True
Is 230 a factor of 32792480?
True
Is 61 a factor of 38986503?
True
Is 677 a factor of 110443772?
False
Is 16 a factor of 53449729?
False
Is 22 a factor of 259822080?
False
Does 7 divide 435724221?
False
Is 357028334 a multiple of 2054?
True
Does 122 divide 146762218?
True
Is 1057874920 a multiple of 40?
True
Does 2686 divide 902332684?
False
Is 560 a factor of 2091144160?
True
Is 2456096368 a multiple of 3398?
False
Is 1048 a factor of 626799368?
True
Is 433 a factor of 733894479?
False
Is 56202059 a multiple of 1555?
False
Does 361 divide 26664904?
True
Is 10 a factor of 82658563?
False
Does 2 divide 8733486?
True
Is 82 a factor of 15840481?
False
Is 176 a factor of 136200944?
True
Is 80 a factor of 114086560?
True
Is 1896554 a multiple of 13?
False
Is 4 a factor of 102001747?
False
Is 18413747 a multiple of 11?
True
Is 330645056 a multiple of 634?
False
Is 2728 a factor of 299851548?
False
Is 2660282976 a multiple of 208?
True
Is 180136145 a multiple of 295?
True
Is 120 a factor of 135183939?
False
Is 531170748 a multiple of 12?
True
Is 57939082 a multiple of 2?
True
Is 830 a factor of 43645550?
True
Does 769 divide 47532898?
False
Does 695 divide 6203814?
False
Is 850